{"id":1591,"date":"2026-03-30T15:41:51","date_gmt":"2026-03-30T13:41:51","guid":{"rendered":"https:\/\/sretnabeba.hr\/?post_type=product&#038;p=1591"},"modified":"2026-04-08T12:03:27","modified_gmt":"2026-04-08T10:03:27","slug":"lovi-grijac-za-bocice-bijeli","status":"publish","type":"product","link":"https:\/\/sretnabeba.hr\/index.php\/proizvod\/lovi-grijac-za-bocice-bijeli\/","title":{"rendered":"LOVI grija\u010d za bo\u010dice, bijeli"},"content":{"rendered":"","protected":false},"excerpt":{"rendered":"<p>LOVI 6-u-1 grija\u010d za bo\u010dice. Brzo i ravnomjerno zagrijavanje. Intuitivno upravljanje na preglednom zaslonu.<\/p>\n<p>6 funkcija u tri na\u010dina rada:<\/p>\n<ul>\n<li>BO\u010cICA \u2013 zagrijavanje teku\u0107ina u bo\u010dici, odmrzavanje hrane pohranjene u vre\u0107ici. Odr\u017eava \u017eeljenu temperaturu do 10 sati.<\/li>\n<li>VRU\u0106E \u2013 brzo zagrijavanje hrane + funkcija sterilizacije bo\u010dica i pribora.<\/li>\n<li>VE\u010cERA \u2013 odr\u017eava \u017eeljenu temperaturu do 3 sata.<\/li>\n<\/ul>\n<p>Sigurno \u2013 automatsko isklju\u010divanje u nedostatku vode u VRU\u0106EM na\u010dinu rada. Mjerna posuda za vodu uklju\u010dena.<\/p>\n<p>Lovi grija\u010d je idealan i siguran na\u010din zagrijavanja hrane. Sadr\u017ei termostat koji odr\u017eava postavljenu temperaturu vrlo dugo. \u0160titi hranu od pregrijavanja i gubitka vrijednih vitamina i minerala. Superbrzi LOVI grija\u010d automatski postavlja vrijeme zagrijavanja hrane, bez obzira je li hrana ohla\u0111ena, smrznuta ili na sobnoj temperaturi.<\/p>\n<p>Lovi grija\u010d namijenjen je zagrijavanju hrane u sljede\u0107im vrstama bo\u010dica ili staklenki:<\/p>\n<ul>\n<li>u Lovi bo\u010dicama i ve\u0107ini drugih bo\u010dica sa \u0161irokim grlom<\/li>\n<li>u klasi\u010dnim bo\u010dicama,<\/li>\n<li>u staklenkama s gotovom dje\u010djom hranom.<\/li>\n<\/ul>\n<p>Maksimalna \u0161irina bo\u010dice prikladne za ovaj grija\u010d je 6,5 cm.<\/p>\n<p>6 funkcija u 1 &#8211; zagrijava, odr\u017eava temperaturu, odmrzava i sterilizira parom.<\/p>\n","protected":false},"featured_media":1592,"comment_status":"open","ping_status":"closed","template":"","meta":[],"product_brand":[132],"product_cat":[126,129],"product_tag":[],"class_list":{"0":"post-1591","1":"product","2":"type-product","3":"status-publish","4":"has-post-thumbnail","6":"product_brand-lovi","7":"product_cat-hranjenje","8":"product_cat-sterilizatori-grijaci","10":"first","11":"instock","12":"taxable","13":"shipping-taxable","14":"purchasable","15":"product-type-simple"},"yoast_head":"<!-- This site is optimized with the Yoast SEO plugin v27.3 - https:\/\/yoast.com\/product\/yoast-seo-wordpress\/ -->\n<title>LOVI grija\u010d za bo\u010dice, bijeli - Sretna beba<\/title>\n<meta name=\"robots\" content=\"index, follow, max-snippet:-1, max-image-preview:large, max-video-preview:-1\" \/>\n<link rel=\"canonical\" href=\"https:\/\/sretnabeba.hr\/index.php\/proizvod\/lovi-grijac-za-bocice-bijeli\/\" \/>\n<meta property=\"og:locale\" content=\"hr_HR\" \/>\n<meta property=\"og:type\" content=\"article\" \/>\n<meta property=\"og:title\" content=\"LOVI grija\u010d za bo\u010dice, bijeli - Sretna beba\" \/>\n<meta property=\"og:description\" content=\"LOVI 6-u-1 grija\u010d za bo\u010dice. Brzo i ravnomjerno zagrijavanje. Intuitivno upravljanje na preglednom zaslonu.  6 funkcija u tri na\u010dina rada:   BO\u010cICA \u2013 zagrijavanje teku\u0107ina u bo\u010dici, odmrzavanje hrane pohranjene u vre\u0107ici. Odr\u017eava \u017eeljenu temperaturu do 10 sati.  VRU\u0106E \u2013 brzo zagrijavanje hrane + funkcija sterilizacije bo\u010dica i pribora.  VE\u010cERA \u2013 odr\u017eava \u017eeljenu temperaturu do 3 sata.  Sigurno \u2013 automatsko isklju\u010divanje u nedostatku vode u VRU\u0106EM na\u010dinu rada. Mjerna posuda za vodu uklju\u010dena.  Lovi grija\u010d je idealan i siguran na\u010din zagrijavanja hrane. Sadr\u017ei termostat koji odr\u017eava postavljenu temperaturu vrlo dugo. \u0160titi hranu od pregrijavanja i gubitka vrijednih vitamina i minerala. Superbrzi LOVI grija\u010d automatski postavlja vrijeme zagrijavanja hrane, bez obzira je li hrana ohla\u0111ena, smrznuta ili na sobnoj temperaturi.  Lovi grija\u010d namijenjen je zagrijavanju hrane u sljede\u0107im vrstama bo\u010dica ili staklenki:   u Lovi bo\u010dicama i ve\u0107ini drugih bo\u010dica sa \u0161irokim grlom  u klasi\u010dnim bo\u010dicama,  u staklenkama s gotovom dje\u010djom hranom.  Maksimalna \u0161irina bo\u010dice prikladne za ovaj grija\u010d je 6,5 cm.  6 funkcija u 1 - zagrijava, odr\u017eava temperaturu, odmrzava i sterilizira parom.\" \/>\n<meta property=\"og:url\" content=\"https:\/\/sretnabeba.hr\/index.php\/proizvod\/lovi-grijac-za-bocice-bijeli\/\" \/>\n<meta property=\"og:site_name\" content=\"Sretna beba\" \/>\n<meta property=\"article:modified_time\" content=\"2026-04-08T10:03:27+00:00\" \/>\n<meta property=\"og:image\" content=\"https:\/\/sretnabeba.hr\/webw3\/wp-content\/uploads\/2026\/03\/lovi-ohrivac-lahvi-bily2.jpg\" \/>\n\t<meta property=\"og:image:width\" content=\"1000\" \/>\n\t<meta property=\"og:image:height\" content=\"1000\" \/>\n\t<meta property=\"og:image:type\" content=\"image\/jpeg\" \/>\n<meta name=\"twitter:card\" content=\"summary_large_image\" \/>\n<meta name=\"twitter:label1\" content=\"Procijenjeno vrijeme \u010ditanja\" \/>\n\t<meta name=\"twitter:data1\" content=\"1 minuta\" \/>\n<script type=\"application\/ld+json\" class=\"yoast-schema-graph\">{\"@context\":\"https:\\\/\\\/schema.org\",\"@graph\":[{\"@type\":\"WebPage\",\"@id\":\"https:\\\/\\\/sretnabeba.hr\\\/index.php\\\/proizvod\\\/lovi-grijac-za-bocice-bijeli\\\/\",\"url\":\"https:\\\/\\\/sretnabeba.hr\\\/index.php\\\/proizvod\\\/lovi-grijac-za-bocice-bijeli\\\/\",\"name\":\"LOVI grija\u010d za bo\u010dice, bijeli - Sretna beba\",\"isPartOf\":{\"@id\":\"https:\\\/\\\/sretnabeba.hr\\\/#website\"},\"primaryImageOfPage\":{\"@id\":\"https:\\\/\\\/sretnabeba.hr\\\/index.php\\\/proizvod\\\/lovi-grijac-za-bocice-bijeli\\\/#primaryimage\"},\"image\":{\"@id\":\"https:\\\/\\\/sretnabeba.hr\\\/index.php\\\/proizvod\\\/lovi-grijac-za-bocice-bijeli\\\/#primaryimage\"},\"thumbnailUrl\":\"https:\\\/\\\/sretnabeba.hr\\\/webw3\\\/wp-content\\\/uploads\\\/2026\\\/03\\\/lovi-ohrivac-lahvi-bily2.jpg\",\"datePublished\":\"2026-03-30T13:41:51+00:00\",\"dateModified\":\"2026-04-08T10:03:27+00:00\",\"breadcrumb\":{\"@id\":\"https:\\\/\\\/sretnabeba.hr\\\/index.php\\\/proizvod\\\/lovi-grijac-za-bocice-bijeli\\\/#breadcrumb\"},\"inLanguage\":\"hr\",\"potentialAction\":[{\"@type\":\"ReadAction\",\"target\":[\"https:\\\/\\\/sretnabeba.hr\\\/index.php\\\/proizvod\\\/lovi-grijac-za-bocice-bijeli\\\/\"]}]},{\"@type\":\"ImageObject\",\"inLanguage\":\"hr\",\"@id\":\"https:\\\/\\\/sretnabeba.hr\\\/index.php\\\/proizvod\\\/lovi-grijac-za-bocice-bijeli\\\/#primaryimage\",\"url\":\"https:\\\/\\\/sretnabeba.hr\\\/webw3\\\/wp-content\\\/uploads\\\/2026\\\/03\\\/lovi-ohrivac-lahvi-bily2.jpg\",\"contentUrl\":\"https:\\\/\\\/sretnabeba.hr\\\/webw3\\\/wp-content\\\/uploads\\\/2026\\\/03\\\/lovi-ohrivac-lahvi-bily2.jpg\",\"width\":1000,\"height\":1000},{\"@type\":\"BreadcrumbList\",\"@id\":\"https:\\\/\\\/sretnabeba.hr\\\/index.php\\\/proizvod\\\/lovi-grijac-za-bocice-bijeli\\\/#breadcrumb\",\"itemListElement\":[{\"@type\":\"ListItem\",\"position\":1,\"name\":\"Po\u010detna stranica\",\"item\":\"https:\\\/\\\/sretnabeba.hr\\\/\"},{\"@type\":\"ListItem\",\"position\":2,\"name\":\"Shop\",\"item\":\"https:\\\/\\\/sretnabeba.hr\\\/index.php\\\/shop\\\/\"},{\"@type\":\"ListItem\",\"position\":3,\"name\":\"LOVI grija\u010d za bo\u010dice, bijeli\"}]},{\"@type\":\"WebSite\",\"@id\":\"https:\\\/\\\/sretnabeba.hr\\\/#website\",\"url\":\"https:\\\/\\\/sretnabeba.hr\\\/\",\"name\":\"Sretna beba - LOVI i CANPOL BABIES oprema za bebe\",\"description\":\"Zastupnik i distributer Lovi i Canpol babies opreme za Hrvatsku\",\"publisher\":{\"@id\":\"https:\\\/\\\/sretnabeba.hr\\\/#organization\"},\"alternateName\":\"Oprema za bebe\",\"potentialAction\":[{\"@type\":\"SearchAction\",\"target\":{\"@type\":\"EntryPoint\",\"urlTemplate\":\"https:\\\/\\\/sretnabeba.hr\\\/?s={search_term_string}\"},\"query-input\":{\"@type\":\"PropertyValueSpecification\",\"valueRequired\":true,\"valueName\":\"search_term_string\"}}],\"inLanguage\":\"hr\"},{\"@type\":\"Organization\",\"@id\":\"https:\\\/\\\/sretnabeba.hr\\\/#organization\",\"name\":\"Sretna beba\",\"alternateName\":\"Zastupnik i distributer Lovi i Canpol babies opreme za Hrvatsku\",\"url\":\"https:\\\/\\\/sretnabeba.hr\\\/\",\"logo\":{\"@type\":\"ImageObject\",\"inLanguage\":\"hr\",\"@id\":\"https:\\\/\\\/sretnabeba.hr\\\/#\\\/schema\\\/logo\\\/image\\\/\",\"url\":\"https:\\\/\\\/sretnabeba.hr\\\/webw3\\\/wp-content\\\/uploads\\\/2023\\\/06\\\/logo-sretnabeba.hr-01.png\",\"contentUrl\":\"https:\\\/\\\/sretnabeba.hr\\\/webw3\\\/wp-content\\\/uploads\\\/2023\\\/06\\\/logo-sretnabeba.hr-01.png\",\"width\":619,\"height\":625,\"caption\":\"Sretna beba\"},\"image\":{\"@id\":\"https:\\\/\\\/sretnabeba.hr\\\/#\\\/schema\\\/logo\\\/image\\\/\"}}]}<\/script>\n<!-- \/ Yoast SEO plugin. -->","yoast_head_json":{"title":"LOVI grija\u010d za bo\u010dice, bijeli - Sretna beba","robots":{"index":"index","follow":"follow","max-snippet":"max-snippet:-1","max-image-preview":"max-image-preview:large","max-video-preview":"max-video-preview:-1"},"canonical":"https:\/\/sretnabeba.hr\/index.php\/proizvod\/lovi-grijac-za-bocice-bijeli\/","og_locale":"hr_HR","og_type":"article","og_title":"LOVI grija\u010d za bo\u010dice, bijeli - Sretna beba","og_description":"LOVI 6-u-1 grija\u010d za bo\u010dice. Brzo i ravnomjerno zagrijavanje. Intuitivno upravljanje na preglednom zaslonu.  6 funkcija u tri na\u010dina rada:   BO\u010cICA \u2013 zagrijavanje teku\u0107ina u bo\u010dici, odmrzavanje hrane pohranjene u vre\u0107ici. Odr\u017eava \u017eeljenu temperaturu do 10 sati.  VRU\u0106E \u2013 brzo zagrijavanje hrane + funkcija sterilizacije bo\u010dica i pribora.  VE\u010cERA \u2013 odr\u017eava \u017eeljenu temperaturu do 3 sata.  Sigurno \u2013 automatsko isklju\u010divanje u nedostatku vode u VRU\u0106EM na\u010dinu rada. Mjerna posuda za vodu uklju\u010dena.  Lovi grija\u010d je idealan i siguran na\u010din zagrijavanja hrane. Sadr\u017ei termostat koji odr\u017eava postavljenu temperaturu vrlo dugo. \u0160titi hranu od pregrijavanja i gubitka vrijednih vitamina i minerala. Superbrzi LOVI grija\u010d automatski postavlja vrijeme zagrijavanja hrane, bez obzira je li hrana ohla\u0111ena, smrznuta ili na sobnoj temperaturi.  Lovi grija\u010d namijenjen je zagrijavanju hrane u sljede\u0107im vrstama bo\u010dica ili staklenki:   u Lovi bo\u010dicama i ve\u0107ini drugih bo\u010dica sa \u0161irokim grlom  u klasi\u010dnim bo\u010dicama,  u staklenkama s gotovom dje\u010djom hranom.  Maksimalna \u0161irina bo\u010dice prikladne za ovaj grija\u010d je 6,5 cm.  6 funkcija u 1 - zagrijava, odr\u017eava temperaturu, odmrzava i sterilizira parom.","og_url":"https:\/\/sretnabeba.hr\/index.php\/proizvod\/lovi-grijac-za-bocice-bijeli\/","og_site_name":"Sretna beba","article_modified_time":"2026-04-08T10:03:27+00:00","og_image":[{"width":1000,"height":1000,"url":"https:\/\/sretnabeba.hr\/webw3\/wp-content\/uploads\/2026\/03\/lovi-ohrivac-lahvi-bily2.jpg","type":"image\/jpeg"}],"twitter_card":"summary_large_image","twitter_misc":{"Procijenjeno vrijeme \u010ditanja":"1 minuta"},"schema":{"@context":"https:\/\/schema.org","@graph":[{"@type":"WebPage","@id":"https:\/\/sretnabeba.hr\/index.php\/proizvod\/lovi-grijac-za-bocice-bijeli\/","url":"https:\/\/sretnabeba.hr\/index.php\/proizvod\/lovi-grijac-za-bocice-bijeli\/","name":"LOVI grija\u010d za bo\u010dice, bijeli - Sretna beba","isPartOf":{"@id":"https:\/\/sretnabeba.hr\/#website"},"primaryImageOfPage":{"@id":"https:\/\/sretnabeba.hr\/index.php\/proizvod\/lovi-grijac-za-bocice-bijeli\/#primaryimage"},"image":{"@id":"https:\/\/sretnabeba.hr\/index.php\/proizvod\/lovi-grijac-za-bocice-bijeli\/#primaryimage"},"thumbnailUrl":"https:\/\/sretnabeba.hr\/webw3\/wp-content\/uploads\/2026\/03\/lovi-ohrivac-lahvi-bily2.jpg","datePublished":"2026-03-30T13:41:51+00:00","dateModified":"2026-04-08T10:03:27+00:00","breadcrumb":{"@id":"https:\/\/sretnabeba.hr\/index.php\/proizvod\/lovi-grijac-za-bocice-bijeli\/#breadcrumb"},"inLanguage":"hr","potentialAction":[{"@type":"ReadAction","target":["https:\/\/sretnabeba.hr\/index.php\/proizvod\/lovi-grijac-za-bocice-bijeli\/"]}]},{"@type":"ImageObject","inLanguage":"hr","@id":"https:\/\/sretnabeba.hr\/index.php\/proizvod\/lovi-grijac-za-bocice-bijeli\/#primaryimage","url":"https:\/\/sretnabeba.hr\/webw3\/wp-content\/uploads\/2026\/03\/lovi-ohrivac-lahvi-bily2.jpg","contentUrl":"https:\/\/sretnabeba.hr\/webw3\/wp-content\/uploads\/2026\/03\/lovi-ohrivac-lahvi-bily2.jpg","width":1000,"height":1000},{"@type":"BreadcrumbList","@id":"https:\/\/sretnabeba.hr\/index.php\/proizvod\/lovi-grijac-za-bocice-bijeli\/#breadcrumb","itemListElement":[{"@type":"ListItem","position":1,"name":"Po\u010detna stranica","item":"https:\/\/sretnabeba.hr\/"},{"@type":"ListItem","position":2,"name":"Shop","item":"https:\/\/sretnabeba.hr\/index.php\/shop\/"},{"@type":"ListItem","position":3,"name":"LOVI grija\u010d za bo\u010dice, bijeli"}]},{"@type":"WebSite","@id":"https:\/\/sretnabeba.hr\/#website","url":"https:\/\/sretnabeba.hr\/","name":"Sretna beba - LOVI i CANPOL BABIES oprema za bebe","description":"Zastupnik i distributer Lovi i Canpol babies opreme za Hrvatsku","publisher":{"@id":"https:\/\/sretnabeba.hr\/#organization"},"alternateName":"Oprema za bebe","potentialAction":[{"@type":"SearchAction","target":{"@type":"EntryPoint","urlTemplate":"https:\/\/sretnabeba.hr\/?s={search_term_string}"},"query-input":{"@type":"PropertyValueSpecification","valueRequired":true,"valueName":"search_term_string"}}],"inLanguage":"hr"},{"@type":"Organization","@id":"https:\/\/sretnabeba.hr\/#organization","name":"Sretna beba","alternateName":"Zastupnik i distributer Lovi i Canpol babies opreme za Hrvatsku","url":"https:\/\/sretnabeba.hr\/","logo":{"@type":"ImageObject","inLanguage":"hr","@id":"https:\/\/sretnabeba.hr\/#\/schema\/logo\/image\/","url":"https:\/\/sretnabeba.hr\/webw3\/wp-content\/uploads\/2023\/06\/logo-sretnabeba.hr-01.png","contentUrl":"https:\/\/sretnabeba.hr\/webw3\/wp-content\/uploads\/2023\/06\/logo-sretnabeba.hr-01.png","width":619,"height":625,"caption":"Sretna beba"},"image":{"@id":"https:\/\/sretnabeba.hr\/#\/schema\/logo\/image\/"}}]}},"_links":{"self":[{"href":"https:\/\/sretnabeba.hr\/index.php\/wp-json\/wp\/v2\/product\/1591","targetHints":{"allow":["GET"]}}],"collection":[{"href":"https:\/\/sretnabeba.hr\/index.php\/wp-json\/wp\/v2\/product"}],"about":[{"href":"https:\/\/sretnabeba.hr\/index.php\/wp-json\/wp\/v2\/types\/product"}],"replies":[{"embeddable":true,"href":"https:\/\/sretnabeba.hr\/index.php\/wp-json\/wp\/v2\/comments?post=1591"}],"wp:featuredmedia":[{"embeddable":true,"href":"https:\/\/sretnabeba.hr\/index.php\/wp-json\/wp\/v2\/media\/1592"}],"wp:attachment":[{"href":"https:\/\/sretnabeba.hr\/index.php\/wp-json\/wp\/v2\/media?parent=1591"}],"wp:term":[{"taxonomy":"product_brand","embeddable":true,"href":"https:\/\/sretnabeba.hr\/index.php\/wp-json\/wp\/v2\/product_brand?post=1591"},{"taxonomy":"product_cat","embeddable":true,"href":"https:\/\/sretnabeba.hr\/index.php\/wp-json\/wp\/v2\/product_cat?post=1591"},{"taxonomy":"product_tag","embeddable":true,"href":"https:\/\/sretnabeba.hr\/index.php\/wp-json\/wp\/v2\/product_tag?post=1591"}],"curies":[{"name":"wp","href":"https:\/\/api.w.org\/{rel}","templated":true}]}}