{"id":1649,"date":"2026-03-31T11:24:28","date_gmt":"2026-03-31T09:24:28","guid":{"rendered":"https:\/\/sretnabeba.hr\/?post_type=product&#038;p=1649"},"modified":"2026-03-31T11:34:00","modified_gmt":"2026-03-31T09:34:00","slug":"lovi-salica-za-trening-genius-150ml-nude","status":"publish","type":"product","link":"https:\/\/sretnabeba.hr\/index.php\/proizvod\/lovi-salica-za-trening-genius-150ml-nude\/","title":{"rendered":"LOVI \u0161alica za trening GENIUS 150ml, Nude"},"content":{"rendered":"","protected":false},"excerpt":{"rendered":"<p>U\u010denje samostalnog pijenja iz otvorene \u0161alice va\u017ean je korak u razvoju va\u0161eg djeteta. \u017delite li da va\u0161e dijete to nau\u010di lako i, \u0161to je najva\u017enije, sigurno u svakom pogledu? Bez rizika od gu\u0161enja, stvaranja lo\u0161ih navika koje negativno utje\u010du na razvoj zagriza ili govora? Rje\u0161enje je LOVI GENIUS \u0161alica za trening, koja je dizajnirana u skladu s preporukama neurologa. Podr\u017eava sigurno u\u010denje samostalnog pijenja. Istovremeno, poma\u017ee va\u0161em djetetu da razvije prave navike pijenja iz otvorene \u0161alice.<\/p>\n<h4>JEDINA \u0160ALICA OVE VRSTE NA TR\u017dI\u0160TU!<\/h4>\n<p>Za\u0161to je LOVI GENIUS \u0161alica za trening najbolji izbor?<\/p>\n<p>Sigurno u\u010di pravilnoj tehnici pijenja iz otvorene \u0161alice. Umetak unutar \u0161alice usporava protok vode i smanjuje rizik od gu\u0161enja. LOVI GENIUS dje\u010dja \u0161alica omogu\u0107uje vam pijenje u sigurnom polo\u017eaju. Posebno &#8220;izrezani&#8221; rub \u0161alice i prozirne stijenke omogu\u0107uju djetetu da vidi teku\u0107inu i da ne mora toliko zabacivati \u200b\u200bglavu unatrag.<br \/>\nSavr\u0161en je izbor za prvu \u0161alicu. Zahvaljuju\u0107i maloj veli\u010dini &#8211; 130 ml kada se koristi \u0161alica s ulo\u0161kom &#8211; i ergonomskim ru\u010dkama, LOVI Genius Nude \u0161alica za trening idealna je za one koji tek po\u010dinju u\u010diti koristiti \u0161alicu. Mogu je koristiti djeca starija od 6 mjeseci koja ve\u0107 mogu samostalno sjediti.<\/p>\n<h4>\u0160alica raste s va\u0161im djetetom.<\/h4>\n<p>Zahvaljuju\u0107i inovativnoj ideji marke LOVI, GENIUS \u0161alica za trening zaista raste s va\u0161im djetetom. Nakon \u0161to va\u0161e dijete savlada tehnike sigurnog pijenja, mo\u017eete ukloniti ulo\u017eak iz \u0161alice i dobiti otvorenu \u0161alicu \u010diji se volumen pove\u0107ava na 150 ml.<\/p>\n","protected":false},"featured_media":1653,"comment_status":"open","ping_status":"closed","template":"","meta":[],"product_brand":[132],"product_cat":[126,131],"product_tag":[],"class_list":{"0":"post-1649","1":"product","2":"type-product","3":"status-publish","4":"has-post-thumbnail","6":"product_brand-lovi","7":"product_cat-hranjenje","8":"product_cat-posude-pribor-za-jelo","10":"first","11":"instock","12":"taxable","13":"shipping-taxable","14":"purchasable","15":"product-type-simple"},"yoast_head":"<!-- This site is optimized with the Yoast SEO plugin v27.3 - https:\/\/yoast.com\/product\/yoast-seo-wordpress\/ -->\n<title>LOVI \u0161alica za trening GENIUS 150ml, Nude - Sretna beba<\/title>\n<meta name=\"robots\" content=\"index, follow, max-snippet:-1, max-image-preview:large, max-video-preview:-1\" \/>\n<link rel=\"canonical\" href=\"https:\/\/sretnabeba.hr\/index.php\/proizvod\/lovi-salica-za-trening-genius-150ml-nude\/\" \/>\n<meta property=\"og:locale\" content=\"hr_HR\" \/>\n<meta property=\"og:type\" content=\"article\" \/>\n<meta property=\"og:title\" content=\"LOVI \u0161alica za trening GENIUS 150ml, Nude - Sretna beba\" \/>\n<meta property=\"og:description\" content=\"U\u010denje samostalnog pijenja iz otvorene \u0161alice va\u017ean je korak u razvoju va\u0161eg djeteta. \u017delite li da va\u0161e dijete to nau\u010di lako i, \u0161to je najva\u017enije, sigurno u svakom pogledu? Bez rizika od gu\u0161enja, stvaranja lo\u0161ih navika koje negativno utje\u010du na razvoj zagriza ili govora? Rje\u0161enje je LOVI GENIUS \u0161alica za trening, koja je dizajnirana u skladu s preporukama neurologa. Podr\u017eava sigurno u\u010denje samostalnog pijenja. Istovremeno, poma\u017ee va\u0161em djetetu da razvije prave navike pijenja iz otvorene \u0161alice. JEDINA \u0160ALICA OVE VRSTE NA TR\u017dI\u0160TU! Za\u0161to je LOVI GENIUS \u0161alica za trening najbolji izbor?  Sigurno u\u010di pravilnoj tehnici pijenja iz otvorene \u0161alice. Umetak unutar \u0161alice usporava protok vode i smanjuje rizik od gu\u0161enja. LOVI GENIUS dje\u010dja \u0161alica omogu\u0107uje vam pijenje u sigurnom polo\u017eaju. Posebno &quot;izrezani&quot; rub \u0161alice i prozirne stijenke omogu\u0107uju djetetu da vidi teku\u0107inu i da ne mora toliko zabacivati \u200b\u200bglavu unatrag. Savr\u0161en je izbor za prvu \u0161alicu. Zahvaljuju\u0107i maloj veli\u010dini - 130 ml kada se koristi \u0161alica s ulo\u0161kom - i ergonomskim ru\u010dkama, LOVI Genius Nude \u0161alica za trening idealna je za one koji tek po\u010dinju u\u010diti koristiti \u0161alicu. Mogu je koristiti djeca starija od 6 mjeseci koja ve\u0107 mogu samostalno sjediti. \u0160alica raste s va\u0161im djetetom. Zahvaljuju\u0107i inovativnoj ideji marke LOVI, GENIUS \u0161alica za trening zaista raste s va\u0161im djetetom. Nakon \u0161to va\u0161e dijete savlada tehnike sigurnog pijenja, mo\u017eete ukloniti ulo\u017eak iz \u0161alice i dobiti otvorenu \u0161alicu \u010diji se volumen pove\u0107ava na 150 ml.\" \/>\n<meta property=\"og:url\" content=\"https:\/\/sretnabeba.hr\/index.php\/proizvod\/lovi-salica-za-trening-genius-150ml-nude\/\" \/>\n<meta property=\"og:site_name\" content=\"Sretna beba\" \/>\n<meta property=\"article:modified_time\" content=\"2026-03-31T09:34:00+00:00\" \/>\n<meta property=\"og:image\" content=\"https:\/\/sretnabeba.hr\/webw3\/wp-content\/uploads\/2026\/03\/lovi-hrnecek-treninkovy-genius-150ml-nude.jpg\" \/>\n\t<meta property=\"og:image:width\" content=\"1000\" \/>\n\t<meta property=\"og:image:height\" content=\"1000\" \/>\n\t<meta property=\"og:image:type\" content=\"image\/jpeg\" \/>\n<meta name=\"twitter:card\" content=\"summary_large_image\" \/>\n<meta name=\"twitter:label1\" content=\"Procijenjeno vrijeme \u010ditanja\" \/>\n\t<meta name=\"twitter:data1\" content=\"1 minuta\" \/>\n<script type=\"application\/ld+json\" class=\"yoast-schema-graph\">{\"@context\":\"https:\\\/\\\/schema.org\",\"@graph\":[{\"@type\":\"WebPage\",\"@id\":\"https:\\\/\\\/sretnabeba.hr\\\/index.php\\\/proizvod\\\/lovi-salica-za-trening-genius-150ml-nude\\\/\",\"url\":\"https:\\\/\\\/sretnabeba.hr\\\/index.php\\\/proizvod\\\/lovi-salica-za-trening-genius-150ml-nude\\\/\",\"name\":\"LOVI \u0161alica za trening GENIUS 150ml, Nude - Sretna beba\",\"isPartOf\":{\"@id\":\"https:\\\/\\\/sretnabeba.hr\\\/#website\"},\"primaryImageOfPage\":{\"@id\":\"https:\\\/\\\/sretnabeba.hr\\\/index.php\\\/proizvod\\\/lovi-salica-za-trening-genius-150ml-nude\\\/#primaryimage\"},\"image\":{\"@id\":\"https:\\\/\\\/sretnabeba.hr\\\/index.php\\\/proizvod\\\/lovi-salica-za-trening-genius-150ml-nude\\\/#primaryimage\"},\"thumbnailUrl\":\"https:\\\/\\\/sretnabeba.hr\\\/webw3\\\/wp-content\\\/uploads\\\/2026\\\/03\\\/lovi-hrnecek-treninkovy-genius-150ml-nude.jpg\",\"datePublished\":\"2026-03-31T09:24:28+00:00\",\"dateModified\":\"2026-03-31T09:34:00+00:00\",\"breadcrumb\":{\"@id\":\"https:\\\/\\\/sretnabeba.hr\\\/index.php\\\/proizvod\\\/lovi-salica-za-trening-genius-150ml-nude\\\/#breadcrumb\"},\"inLanguage\":\"hr\",\"potentialAction\":[{\"@type\":\"ReadAction\",\"target\":[\"https:\\\/\\\/sretnabeba.hr\\\/index.php\\\/proizvod\\\/lovi-salica-za-trening-genius-150ml-nude\\\/\"]}]},{\"@type\":\"ImageObject\",\"inLanguage\":\"hr\",\"@id\":\"https:\\\/\\\/sretnabeba.hr\\\/index.php\\\/proizvod\\\/lovi-salica-za-trening-genius-150ml-nude\\\/#primaryimage\",\"url\":\"https:\\\/\\\/sretnabeba.hr\\\/webw3\\\/wp-content\\\/uploads\\\/2026\\\/03\\\/lovi-hrnecek-treninkovy-genius-150ml-nude.jpg\",\"contentUrl\":\"https:\\\/\\\/sretnabeba.hr\\\/webw3\\\/wp-content\\\/uploads\\\/2026\\\/03\\\/lovi-hrnecek-treninkovy-genius-150ml-nude.jpg\",\"width\":1000,\"height\":1000},{\"@type\":\"BreadcrumbList\",\"@id\":\"https:\\\/\\\/sretnabeba.hr\\\/index.php\\\/proizvod\\\/lovi-salica-za-trening-genius-150ml-nude\\\/#breadcrumb\",\"itemListElement\":[{\"@type\":\"ListItem\",\"position\":1,\"name\":\"Po\u010detna stranica\",\"item\":\"https:\\\/\\\/sretnabeba.hr\\\/\"},{\"@type\":\"ListItem\",\"position\":2,\"name\":\"Shop\",\"item\":\"https:\\\/\\\/sretnabeba.hr\\\/index.php\\\/shop\\\/\"},{\"@type\":\"ListItem\",\"position\":3,\"name\":\"LOVI \u0161alica za trening GENIUS 150ml, Nude\"}]},{\"@type\":\"WebSite\",\"@id\":\"https:\\\/\\\/sretnabeba.hr\\\/#website\",\"url\":\"https:\\\/\\\/sretnabeba.hr\\\/\",\"name\":\"Sretna beba - LOVI i CANPOL BABIES oprema za bebe\",\"description\":\"Zastupnik i distributer Lovi i Canpol babies opreme za Hrvatsku\",\"publisher\":{\"@id\":\"https:\\\/\\\/sretnabeba.hr\\\/#organization\"},\"alternateName\":\"Oprema za bebe\",\"potentialAction\":[{\"@type\":\"SearchAction\",\"target\":{\"@type\":\"EntryPoint\",\"urlTemplate\":\"https:\\\/\\\/sretnabeba.hr\\\/?s={search_term_string}\"},\"query-input\":{\"@type\":\"PropertyValueSpecification\",\"valueRequired\":true,\"valueName\":\"search_term_string\"}}],\"inLanguage\":\"hr\"},{\"@type\":\"Organization\",\"@id\":\"https:\\\/\\\/sretnabeba.hr\\\/#organization\",\"name\":\"Sretna beba\",\"alternateName\":\"Zastupnik i distributer Lovi i Canpol babies opreme za Hrvatsku\",\"url\":\"https:\\\/\\\/sretnabeba.hr\\\/\",\"logo\":{\"@type\":\"ImageObject\",\"inLanguage\":\"hr\",\"@id\":\"https:\\\/\\\/sretnabeba.hr\\\/#\\\/schema\\\/logo\\\/image\\\/\",\"url\":\"https:\\\/\\\/sretnabeba.hr\\\/webw3\\\/wp-content\\\/uploads\\\/2023\\\/06\\\/logo-sretnabeba.hr-01.png\",\"contentUrl\":\"https:\\\/\\\/sretnabeba.hr\\\/webw3\\\/wp-content\\\/uploads\\\/2023\\\/06\\\/logo-sretnabeba.hr-01.png\",\"width\":619,\"height\":625,\"caption\":\"Sretna beba\"},\"image\":{\"@id\":\"https:\\\/\\\/sretnabeba.hr\\\/#\\\/schema\\\/logo\\\/image\\\/\"}}]}<\/script>\n<!-- \/ Yoast SEO plugin. -->","yoast_head_json":{"title":"LOVI \u0161alica za trening GENIUS 150ml, Nude - Sretna beba","robots":{"index":"index","follow":"follow","max-snippet":"max-snippet:-1","max-image-preview":"max-image-preview:large","max-video-preview":"max-video-preview:-1"},"canonical":"https:\/\/sretnabeba.hr\/index.php\/proizvod\/lovi-salica-za-trening-genius-150ml-nude\/","og_locale":"hr_HR","og_type":"article","og_title":"LOVI \u0161alica za trening GENIUS 150ml, Nude - Sretna beba","og_description":"U\u010denje samostalnog pijenja iz otvorene \u0161alice va\u017ean je korak u razvoju va\u0161eg djeteta. \u017delite li da va\u0161e dijete to nau\u010di lako i, \u0161to je najva\u017enije, sigurno u svakom pogledu? Bez rizika od gu\u0161enja, stvaranja lo\u0161ih navika koje negativno utje\u010du na razvoj zagriza ili govora? Rje\u0161enje je LOVI GENIUS \u0161alica za trening, koja je dizajnirana u skladu s preporukama neurologa. Podr\u017eava sigurno u\u010denje samostalnog pijenja. Istovremeno, poma\u017ee va\u0161em djetetu da razvije prave navike pijenja iz otvorene \u0161alice. JEDINA \u0160ALICA OVE VRSTE NA TR\u017dI\u0160TU! Za\u0161to je LOVI GENIUS \u0161alica za trening najbolji izbor?  Sigurno u\u010di pravilnoj tehnici pijenja iz otvorene \u0161alice. Umetak unutar \u0161alice usporava protok vode i smanjuje rizik od gu\u0161enja. LOVI GENIUS dje\u010dja \u0161alica omogu\u0107uje vam pijenje u sigurnom polo\u017eaju. Posebno \"izrezani\" rub \u0161alice i prozirne stijenke omogu\u0107uju djetetu da vidi teku\u0107inu i da ne mora toliko zabacivati \u200b\u200bglavu unatrag. Savr\u0161en je izbor za prvu \u0161alicu. Zahvaljuju\u0107i maloj veli\u010dini - 130 ml kada se koristi \u0161alica s ulo\u0161kom - i ergonomskim ru\u010dkama, LOVI Genius Nude \u0161alica za trening idealna je za one koji tek po\u010dinju u\u010diti koristiti \u0161alicu. Mogu je koristiti djeca starija od 6 mjeseci koja ve\u0107 mogu samostalno sjediti. \u0160alica raste s va\u0161im djetetom. Zahvaljuju\u0107i inovativnoj ideji marke LOVI, GENIUS \u0161alica za trening zaista raste s va\u0161im djetetom. Nakon \u0161to va\u0161e dijete savlada tehnike sigurnog pijenja, mo\u017eete ukloniti ulo\u017eak iz \u0161alice i dobiti otvorenu \u0161alicu \u010diji se volumen pove\u0107ava na 150 ml.","og_url":"https:\/\/sretnabeba.hr\/index.php\/proizvod\/lovi-salica-za-trening-genius-150ml-nude\/","og_site_name":"Sretna beba","article_modified_time":"2026-03-31T09:34:00+00:00","og_image":[{"width":1000,"height":1000,"url":"https:\/\/sretnabeba.hr\/webw3\/wp-content\/uploads\/2026\/03\/lovi-hrnecek-treninkovy-genius-150ml-nude.jpg","type":"image\/jpeg"}],"twitter_card":"summary_large_image","twitter_misc":{"Procijenjeno vrijeme \u010ditanja":"1 minuta"},"schema":{"@context":"https:\/\/schema.org","@graph":[{"@type":"WebPage","@id":"https:\/\/sretnabeba.hr\/index.php\/proizvod\/lovi-salica-za-trening-genius-150ml-nude\/","url":"https:\/\/sretnabeba.hr\/index.php\/proizvod\/lovi-salica-za-trening-genius-150ml-nude\/","name":"LOVI \u0161alica za trening GENIUS 150ml, Nude - Sretna beba","isPartOf":{"@id":"https:\/\/sretnabeba.hr\/#website"},"primaryImageOfPage":{"@id":"https:\/\/sretnabeba.hr\/index.php\/proizvod\/lovi-salica-za-trening-genius-150ml-nude\/#primaryimage"},"image":{"@id":"https:\/\/sretnabeba.hr\/index.php\/proizvod\/lovi-salica-za-trening-genius-150ml-nude\/#primaryimage"},"thumbnailUrl":"https:\/\/sretnabeba.hr\/webw3\/wp-content\/uploads\/2026\/03\/lovi-hrnecek-treninkovy-genius-150ml-nude.jpg","datePublished":"2026-03-31T09:24:28+00:00","dateModified":"2026-03-31T09:34:00+00:00","breadcrumb":{"@id":"https:\/\/sretnabeba.hr\/index.php\/proizvod\/lovi-salica-za-trening-genius-150ml-nude\/#breadcrumb"},"inLanguage":"hr","potentialAction":[{"@type":"ReadAction","target":["https:\/\/sretnabeba.hr\/index.php\/proizvod\/lovi-salica-za-trening-genius-150ml-nude\/"]}]},{"@type":"ImageObject","inLanguage":"hr","@id":"https:\/\/sretnabeba.hr\/index.php\/proizvod\/lovi-salica-za-trening-genius-150ml-nude\/#primaryimage","url":"https:\/\/sretnabeba.hr\/webw3\/wp-content\/uploads\/2026\/03\/lovi-hrnecek-treninkovy-genius-150ml-nude.jpg","contentUrl":"https:\/\/sretnabeba.hr\/webw3\/wp-content\/uploads\/2026\/03\/lovi-hrnecek-treninkovy-genius-150ml-nude.jpg","width":1000,"height":1000},{"@type":"BreadcrumbList","@id":"https:\/\/sretnabeba.hr\/index.php\/proizvod\/lovi-salica-za-trening-genius-150ml-nude\/#breadcrumb","itemListElement":[{"@type":"ListItem","position":1,"name":"Po\u010detna stranica","item":"https:\/\/sretnabeba.hr\/"},{"@type":"ListItem","position":2,"name":"Shop","item":"https:\/\/sretnabeba.hr\/index.php\/shop\/"},{"@type":"ListItem","position":3,"name":"LOVI \u0161alica za trening GENIUS 150ml, Nude"}]},{"@type":"WebSite","@id":"https:\/\/sretnabeba.hr\/#website","url":"https:\/\/sretnabeba.hr\/","name":"Sretna beba - LOVI i CANPOL BABIES oprema za bebe","description":"Zastupnik i distributer Lovi i Canpol babies opreme za Hrvatsku","publisher":{"@id":"https:\/\/sretnabeba.hr\/#organization"},"alternateName":"Oprema za bebe","potentialAction":[{"@type":"SearchAction","target":{"@type":"EntryPoint","urlTemplate":"https:\/\/sretnabeba.hr\/?s={search_term_string}"},"query-input":{"@type":"PropertyValueSpecification","valueRequired":true,"valueName":"search_term_string"}}],"inLanguage":"hr"},{"@type":"Organization","@id":"https:\/\/sretnabeba.hr\/#organization","name":"Sretna beba","alternateName":"Zastupnik i distributer Lovi i Canpol babies opreme za Hrvatsku","url":"https:\/\/sretnabeba.hr\/","logo":{"@type":"ImageObject","inLanguage":"hr","@id":"https:\/\/sretnabeba.hr\/#\/schema\/logo\/image\/","url":"https:\/\/sretnabeba.hr\/webw3\/wp-content\/uploads\/2023\/06\/logo-sretnabeba.hr-01.png","contentUrl":"https:\/\/sretnabeba.hr\/webw3\/wp-content\/uploads\/2023\/06\/logo-sretnabeba.hr-01.png","width":619,"height":625,"caption":"Sretna beba"},"image":{"@id":"https:\/\/sretnabeba.hr\/#\/schema\/logo\/image\/"}}]}},"_links":{"self":[{"href":"https:\/\/sretnabeba.hr\/index.php\/wp-json\/wp\/v2\/product\/1649","targetHints":{"allow":["GET"]}}],"collection":[{"href":"https:\/\/sretnabeba.hr\/index.php\/wp-json\/wp\/v2\/product"}],"about":[{"href":"https:\/\/sretnabeba.hr\/index.php\/wp-json\/wp\/v2\/types\/product"}],"replies":[{"embeddable":true,"href":"https:\/\/sretnabeba.hr\/index.php\/wp-json\/wp\/v2\/comments?post=1649"}],"wp:featuredmedia":[{"embeddable":true,"href":"https:\/\/sretnabeba.hr\/index.php\/wp-json\/wp\/v2\/media\/1653"}],"wp:attachment":[{"href":"https:\/\/sretnabeba.hr\/index.php\/wp-json\/wp\/v2\/media?parent=1649"}],"wp:term":[{"taxonomy":"product_brand","embeddable":true,"href":"https:\/\/sretnabeba.hr\/index.php\/wp-json\/wp\/v2\/product_brand?post=1649"},{"taxonomy":"product_cat","embeddable":true,"href":"https:\/\/sretnabeba.hr\/index.php\/wp-json\/wp\/v2\/product_cat?post=1649"},{"taxonomy":"product_tag","embeddable":true,"href":"https:\/\/sretnabeba.hr\/index.php\/wp-json\/wp\/v2\/product_tag?post=1649"}],"curies":[{"name":"wp","href":"https:\/\/api.w.org\/{rel}","templated":true}]}}